309. Is x a composite number?
True
Let l = 767 + 84. Is l a composite number?
True
Let p be 66/18 - (-1)/3. Let r(z) = -25 + p*z + z**2 + 9*z + z**2 + z. Is r(-16) a composite number?
False
Suppose 4697 = 3*n + 2*f - 1916, -5*n - f = -11017. Is n prime?
True
Let p be (5*67)/((-1)/(-4)). Let c(w) = w**3 + 3*w**2 - 19*w + 5. Let x be c(-6). Suppose p = x*y - 7*y. Is y composite?
True
Suppose -19*d - 321235 = -24*d. Is d a composite number?
True
Suppose -7*o + 440 = -2*o. Let l = -45 + o. Is l prime?
True
Let o(g) = g - 10. Let m be o(8). Let h(l) = -2*l - 2. Let u be h(m). Suppose -2*r + u = 0, -2*i - 2*r + 421 = r. Is i a composite number?
True
Suppose -c + 439 = 104. Let o = c + -177. Is o prime?
False
Suppose -3*h + 5 + 64 = 0. Suppose 0 = g + 4*g - 2*v - 26, -v - h = -5*g. Suppose -u + 0*x - 3*x = -2528, -2493 = -u + g*x. Is u composite?
True
Let s = 305 + -301. Let w(r) = 2*r + 1. Let d be w(4). Suppose m + s*q - d*q - 181 = 0, -m - q = -157. Is m a prime number?
False
Let f = 75731 - 41224. Is f composite?
True
Let f(a) = 7*a**2 + 10*a + 69. Is f(-5) prime?
False
Let r be 465/4 - 5/20. Suppose 0*a = 4*a + r. Let g = a + 66. Is g prime?
True
Let b be (12/2)/3 + 5. Is (1 + (-4)/6)/(b/14259) a composite number?
True
Let l(n) = -n**2 + 14*n - 16. Let o be l(15). Let d = 226 - o. Is d a composite number?
False
Is (-5 - 56/(-12))/((-1)/416445) composite?
True
Suppose 0 = -5*k + 2*k. Suppose k = -z + 1, -3*v + z + 3*z = 160. Let s = v - -479. Is s composite?
True
Is (-6 - 348/(-54)) + 13883/9 prime?
True
Suppose -3*d - w - 18 = -4*w, -2*d = w + 15. Let z(n) = n**2 - 9*n - 2. Let c be z(d). Suppose p - c = -p. Is p a prime number?
False
Suppose 0 = 3*s - s - 18116. Suppose -h = -8*h + s. Is h a composite number?
True
Let s = -8577 + 188096. Is s a prime number?
True
Let g(n) = n**3 - 9*n**2 + 8*n + 2. Let i be g(8). Suppose -3*v + 15 = i*v. Is -1 - (-86 + 6/v) a composite number?
False
Suppose 0 = -m + 147 + 37. Suppose -3*w - 5*r = 16, 4*w + 3*r + 3 = -0. Suppose -m - 77 = -w*p. Is p a composite number?
True
Let m(b) = 2*b + 21. Let u be m(-9). Let y = 25 + -15. Suppose u*s = 2*h - 155, 4*h - 308 = -2*s + y. Is h a prime number?
True
Suppose 0 = g - 5*u - 6604, 6595 = 4*g + 2*u - 19799. Is g prime?
True
Suppose -2*j + 4*g + 2830 = g, j - 2*g - 1417 = 0. Is j a prime number?
True
Suppose -3*y - 13 = -61. Let u(f) = -13 + 4 - 10*f - y*f. Is u(-5) composite?
True
Suppose 5*r - 6 = 3*r. Suppose -r*d - 3*m = -2649, -4*d = m - 550 - 2994. Is d composite?
False
Suppose -3*j - 4*k + 50 = 0, 2*j + 3*j - k - 91 = 0. Is (-4 + 66/j)*10158/(-2) a composite number?
False
Suppose 2*q + 0*q = -12. Let i be -5 - q/(-3) - -3. Is ((-21)/(-6))/(i/(-16)) prime?
False
Let l(k) = k + 2. Let a be l(-5). Is (-4984)/(-16)*2/(-3)*a a prime number?
False
Let y(t) be the second derivative of 17*t**3/2 - 3*t**2/2 + 3*t. Let k(s) = -50*s + 2. Let o(l) = -4*k(l) - 3*y(l). Is o(10) a prime number?
False
Is (-2 - 198828/24)*-2 prime?
True
Let i = 615 + -18. Let f be (372/(-30))/((-2)/10). Let t = i - f. Is t a composite number?
True
Suppose -15 = -3*q - 3*r - 6, 4*r = 5*q - 24. Let x be -103 - (-1*q)/2. Let l = x + 292. Is l a composite number?
False
Suppose 0*a - 4*a + 28 = 0. Suppose -l + a*l - 9078 = 0. Is l prime?
False
Suppose -70766 + 184776 = 26*n. Is n a prime number?
False
Suppose 6*g = 48*g - 338226. Is g a composite number?
False
Let g(u) = -4*u**3 + 20*u**2 + 26*u + 11. Let q(c) = -3*c**3 + 19*c**2 + 26*c + 12. Let h(r) = -2*g(r) + 3*q(r). Is h(18) a prime number?
False
Let x(d) = d - 14. Let k be x(7). Let f(m) = 108*m - 4. Let j(a) = -36*a + 1. Let v(q) = k*j(q) - 2*f(q). Is v(1) a prime number?
True
Is 581305/40 - (3 - 81/24) a composite number?
False
Let g(m) be the first derivative of -m**4/2 + 2*m**3/3 - m**2/2 + 2*m + 5. Let n be g(2). Is (-2)/n - 1377/(-12) composite?
True
Suppose 4*g = -4, 2*j - g = -3*g + 15276. Is j prime?
True
Let m = 718 + -321. Is m composite?
False
Suppose 2*l - 4*x + 18 = 5*l, -x - 13 = -l. Let s = l + -10. Suppose s*c + 381 = 3*c - 5*n, 3*n - 508 = -4*c. Is c a prime number?
True
Let p(q) = -356*q + 117. Is p(-7) prime?
True
Suppose -t = -0*t + 343. Let r = -400 + 1210. Let h = r + t. Is h composite?
False
Suppose -2*f = -5*f + 6. Suppose 7*t = f*t + 5. Let u(v) = 34*v**2. Is u(t) a prime number?
False
Suppose -u + 5*n = -6*u + 1155, -4*u + 948 = -4*n. Suppose -j = -5 + 3, 2*i - u = -2*j. Let l = -50 + i. Is l a prime number?
False
Suppose 5*v + 5243 = 3*j, 25*v - 30*v = j - 1721. Is j a composite number?
False
Suppose -447 + 155 = 4*p. Let y be 3/(-30)*-4 + 2315/25. Let a = y - p. Is a a prime number?
False
Is (-5)/(((-2)/2)/(3807 + -14)) prime?
False
Let j(h) = 86*h**2 + 14*h + 14. Let f be j(4). Let p(x) = 266*x - 1. Let m be p(-3). Let y = f + m. Is y composite?
False
Let c = 62 - 62. Suppose 2*x - 1315 = m - 2*m, c = 3*m + x - 3940. Is m a prime number?
False
Suppose 2*q - 6789 = -5*w, 0 = -35*q + 36*q - 4*w - 3427. Is q a prime number?
True
Let c(h) = 5 - h**2 + 33*h - 15 - 4 - 1. Is c(14) a prime number?
True
Let g be (-28)/154 + (-13)/(-11). Is ((-4370)/30)/(g/(-3)) prime?
False
Let z = 10 - -13. Suppose -4*l = 5*i - z, 5*l - 2*i - 2*i + 2 = 0. Suppose l*t = -a + 221, a + 4*t - 864 = -3*a. Is a prime?
True
Suppose -n + 3*q = 6*q - 2, 3*n = -3*q + 12. Suppose -3*f + j + 381 = 0, -4*f - n*j + 10*j + 508 = 0. Is f composite?
False
Let b(k) = k**2 - 1. Let f(u) = -2*u**2 + 1. Let c(x) = -7*b(x) - 6*f(x). Let h be c(-1). Let m = h + 41. Is m prime?
True
Let d(y) = 428*y**2 + 19*y - 2. Is d(-3) a composite number?
False
Let q(h) = -19*h**2 - 2*h + 2. Let i be q(1). Let x = -17 - i. Is (x/(-6))/((-5)/6405) a composite number?
True
Suppose 4*p - 6378 = -5*z, 5*z + 4801 = 3*p - 0*z. Is p a composite number?
False
Suppose 4*h = -4, -3*w - 2*h = -4 + 33. Let j = -7 - w. Suppose -j*g + 4*q = -1346, 5*g - 5*q = -0*g + 3380. Is g a composite number?
True
Let o = 20497 + -14076. Is o a prime number?
True
Let p = -51352 + 79671. Is p prime?
True
Let c be (-1)/((-176)/58 + 3). Let i = 28 - c. Is 149 + 1 + -2 - i prime?
True
Suppose -842 - 1664 = -y. Let h = y + -971. Is h a composite number?
True
Let h be 8/(-3)*(-18)/12. Suppose 39 = -h*p + 267. Suppose 174 = 3*w + 4*q + 43, -p = -w - 4*q. Is w prime?
True
Suppose -y + 0*y - 4*h = -1934, -1942 = -y + 4*h. Let i = y - 839. Is i prime?
False
Let l be 5/4*2*2. Suppose 0 = l*y - 1431 + 166. Is y prime?
False
Suppose -3*a - 1647 = -5*i - 0*a, 0 = 2*i - a - 659. Suppose -3*y + i = 2*y. Suppose -y = -z + 1. Is z a prime number?
True
Let w = 5700 + -4043. Is w a prime number?
True
Let q be 33/12 + (-3)/(-12) - 2. Is 2/q*3/(18/1257) composite?
False
Let p be (15/5)/(3/(-4)). Is p/(-1)*(1 + 4588/16) a prime number?
True
Let b(q) = -7*q**3 - 8*q**2 - 1. Let l(f) = -7*f**3 - 9*f**2 - f - 2. Let h(p) = 4*b(p) - 3*l(p). Is h(-5) a prime number?
False
Suppose 0*q + 2 = 2*q + 3*i, 18 = 3*q - 3*i. Let m be q/(-14) - 43254/(-126). Suppose -83 = 4*p - m. Is p a composite number?
True
Suppose -196 - 54 = -10*r. Let c = 10 + r. Is c composite?
True
Let p = -3832 - -6595. Suppose -p = -6*v - 3*v. Is v prime?
True
Let n = -3 - -8. Suppose 3*q - 189 = -f + 88, f = n*q + 317. Suppose -3*w = -w - f. Is w prime?
False
Let x be (-288232)/21*9/(-6). Suppose 10*b - x = 6*b. Is b composite?
False
Let u = -25 - -160. Suppose f = -30 + 452. Let h = f - u. Is h a composite number?
True
Is (1 + (-40518)/(-4))/((-109)/(-218)) a prime number?
True
Let a be (-145 + -1 - 1) + (-3 - 0). Is a/(-4) + (-24)/16 + 1 a prime number?
True
Let c(h) = -281*h**3 - 4*h**2 - 3*h + 2. Let r be c(-2). Let o be r/10 + -5 + 1. Let m = o - -111. Is m a prime number?
True
Let c be 5/2 - 5/(-10). Suppose 0 = 2*t + 4*i - i - 185, -c*t + 276 = 3*i. Is t composite?
True
Let q be (40/12)/(2/9). Is q/(-5)*(-691)/3 composite?
False
Let k = -15070 + 23211. Is k a composite number?
True
Let c = -12014 - -8438. Is (-1)/(3 - 0) + c/(-9) prime?
True
Let b(n) = -n**3 - 11*n**2 - 10*n - 4. Let w be b(-10). Let k be 259 + 8/w + -3. Suppose 0 = -2*q + 4*q - k. Is q composite?
False
Let g(k) = 91*k**3 - 6*k**2 + 4*k + 4. Let v be g(3). Let q = v + -458. Is q composite?
True
Let v = 47429 - 24816. Is v a prime number?
True
Is 1877 + 1 - (14 + -18) composite?
Tru